 600.
600
Calculate the greatest common divisor of 128312 and 215.
43
What is the highest common divisor of 83 and 4844129?
83
Calculate the greatest common divisor of 630667 and 722.
361
Calculate the greatest common divisor of 38990 and 140.
70
Calculate the highest common factor of 208 and 10348.
52
Calculate the highest common divisor of 346 and 47402.
346
Calculate the greatest common divisor of 1820 and 280.
140
What is the highest common factor of 5720 and 79040?
520
Calculate the highest common divisor of 64605 and 12.
3
Calculate the greatest common divisor of 1550 and 411550.
50
What is the greatest common divisor of 2115 and 2835?
45
Calculate the highest common divisor of 9701 and 224280.
89
What is the greatest common factor of 203440 and 256?
16
Calculate the greatest common divisor of 96 and 19604.
4
What is the greatest common factor of 78959 and 5428?
23
Calculate the greatest common divisor of 20648 and 13688.
232
What is the greatest common factor of 2213420 and 330?
110
Calculate the highest common factor of 19635 and 525.
105
What is the highest common divisor of 72400 and 32?
16
What is the highest common factor of 6 and 667167?
3
What is the highest common factor of 420 and 9300?
60
What is the greatest common divisor of 1528 and 1736?
8
What is the greatest common divisor of 42402 and 444?
222
Calculate the greatest common factor of 378 and 23513.
7
What is the greatest common divisor of 127 and 37211?
127
What is the highest common factor of 4472941 and 11?
11
What is the highest common divisor of 71759 and 1898?
73
What is the greatest common divisor of 69 and 291?
3
What is the highest common factor of 708 and 98412?
708
Calculate the highest common divisor of 3048 and 904.
8
What is the highest common divisor of 639280 and 16?
16
What is the highest common divisor of 763442 and 178?
178
Calculate the greatest common divisor of 18 and 141012.
18
What is the greatest common factor of 58302 and 984?
246
What is the greatest common divisor of 3201 and 27687?
33
What is the greatest common factor of 1088 and 101252?
68
Calculate the highest common divisor of 8371737 and 821.
821
Calculate the greatest common divisor of 65 and 3755.
5
Calculate the highest common factor of 32 and 20576.
32
What is the highest common divisor of 1752778 and 274?
274
Calculate the greatest common factor of 154418 and 319.
11
What is the highest common divisor of 244 and 41846?
122
Calculate the greatest common factor of 10422 and 1930.
386
Calculate the highest common divisor of 38 and 1253164.
38
Calculate the highest common factor of 279 and 52389.
9
Calculate the highest common factor of 87 and 535891.
29
Calculate the greatest common factor of 216 and 568782.
54
What is the highest common divisor of 2501304 and 312?
312
Calculate the highest common factor of 1534226 and 1604.
802
Calculate the greatest common factor of 5448 and 672.
24
Calculate the highest common factor of 2664 and 827616.
888
Calculate the highest common factor of 40953 and 17391.
561
Calculate the highest common factor of 13041 and 2170.
7
Calculate the highest common factor of 4800 and 1380.
60
Calculate the greatest common factor of 160 and 230720.
160
What is the greatest common factor of 73047 and 156?
39
What is the greatest common divisor of 41 and 4961?
41
Calculate the highest common divisor of 768 and 543.
3
Calculate the greatest common factor of 2 and 146122.
2
What is the highest common divisor of 1407408 and 218?
218
Calculate the highest common divisor of 60 and 2955.
15
Calculate the greatest common factor of 813 and 94037.
271
Calculate the highest common divisor of 17487 and 2088.
261
What is the highest common factor of 395428 and 38?
38
Calculate the greatest common divisor of 9310 and 46060.
490
What is the highest common factor of 1 and 6143?
1
Calculate the greatest common divisor of 2600 and 6604.
52
Calculate the highest common factor of 200344 and 8848.
632
What is the highest common factor of 42601 and 2236?
13
Calculate the highest common factor of 8 and 164028.
4
Calculate the highest common factor of 883368 and 144.
72
What is the highest common divisor of 244 and 1008025?
61
What is the highest common factor of 66 and 50798?
22
What is the highest common divisor of 760 and 500878?
38
Calculate the highest common factor of 2702 and 76814.
386
What is the greatest common factor of 1012 and 16560?
92
Calculate the highest common divisor of 3392415 and 260.
65
Calculate the greatest common factor of 59013 and 45.
9
Calculate the greatest common divisor of 264 and 851169.
33
Calculate the greatest common divisor of 5793 and 27.
3
Calculate the highest common divisor of 2092009 and 167.
167
Calculate the greatest common divisor of 546 and 3150.
42
What is the greatest common factor of 140904 and 969?
57
Calculate the greatest common divisor of 1740 and 6148.
116
What is the greatest common divisor of 56568 and 24?
24
Calculate the highest common divisor of 767 and 21983.
13
Calculate the greatest common divisor of 92104 and 261.
29
Calculate the highest common divisor of 780 and 31785.
195
Calculate the highest common factor of 3672 and 16456.
136
What is the highest common divisor of 1959851 and 93?
31
What is the highest common factor of 869314 and 194?
194
Calculate the greatest common divisor of 27798 and 58986.
678
Calculate the greatest common divisor of 49 and 58723.
7
What is the highest common factor of 228 and 4374?
6
What is the highest common factor of 2403466 and 39?
13
What is the greatest common divisor of 345268 and 132?
44
Calculate the greatest common factor of 29842 and 1041.
347
What is the highest common factor of 305050 and 100?
50
Calculate the greatest common divisor of 3330 and 217190.
370
What is the highest common divisor of 12206 and 3893?
17
What is the greatest common divisor of 134985 and 15?
15
Calculate the highest common divisor of 366 and 186.
6
What is the highest common divisor of 5742 and 89262?
522
Calculate the highest common factor of 190869 and 122.
61
Calculate the highest common divisor of 113587 and 97.
97
Calculate the highest common factor of 4338 and 38078.
482
Calculate the highest common divisor of 1496 and 14333.
11
What is the greatest common factor of 54802 and 53636?
1166
Calculate the greatest common divisor of 4028 and 53808.
76
Calculate the greatest common factor of 715 and 3251820.
715
What is the highest common divisor of 864 and 21288?
24
What is the greatest common divisor of 9452 and 33916?
556
Calculate the highest common divisor of 364416 and 14892.
876
Calculate the highest common divisor of 23 and 26404.
23
Calculate the greatest common factor of 8 and 1434064.
8
Calculate the greatest common factor of 150 and 37470.
30
What is the highest common factor of 19314 and 31191?
111
Calculate the greatest common factor of 171 and 4248.
9
What is the greatest common factor of 66 and 240042?
66
What is the highest common factor of 20 and 721750?
10
What is the highest common divisor of 47542 and 242?
22
Calculate the greatest common divisor of 7300 and 8614.
146
Calculate the highest common factor of 155549 and 207.
23
What is the highest common factor of 2933 and 540091?
419
What is the highest common divisor of 17252 and 1362?
454
What is the highest common factor of 15002 and 200219?
577
Calculate the greatest common factor of 2592 and 315738.
162
Calculate the greatest common factor of 1792 and 14987.
7
Calculate the greatest common factor of 3077 and 4267.
17
What is the highest common divisor of 4724 and 100?
4
Calculate the highest common factor of 34 and 5094883.
17
What is the highest common factor of 676 and 1195506?
338
What is the highest common factor of 1719764 and 3056?
764
Calculate the greatest common factor of 25 and 36.
1
Calculate the highest common factor of 18306 and 7614.
162
Calculate the highest common factor of 3441 and 2220.
111
Calculate the greatest common factor of 1266656 and 92.
92
Calculate the greatest common divisor of 672 and 3228.
12
Calculate the highest common divisor of 128172 and 3498.
66
What is the greatest common factor of 941281 and 22?
11
What is the highest common factor of 9519 and 7125?
57
Calculate the greatest common divisor of 745